2, what is -1100000110 - 11110001001?
-101010001111
In base 2, what is 10010011110010 + -100?
10010011101110
In base 4, what is -10103231 - -32?
-10103133
In base 2, what is 1011110100110110 - -100?
1011110100111010
In base 4, what is -3211 - -1223002?
1213131
In base 5, what is -104312034 + -2?
-104312041
In base 4, what is -2 + -3313120?
-3313122
In base 9, what is -256 - -1365?
1108
In base 10, what is 37884 + -16?
37868
In base 11, what is 8 - -1780?
1788
In base 11, what is -33 - -278a?
2757
In base 12, what is 238 + b4?
330
In base 8, what is -7 - 2034?
-2043
In base 5, what is 212 - 442?
-230
In base 11, what is 10a - 4555?
-4446
In base 16, what is -119e0 - 0?
-119e0
In base 5, what is 10422214 - 10?
10422204
In base 11, what is 5 + 146a79?
146a83
In base 8, what is -537675 - 2?
-537677
In base 8, what is 1016 - -623?
1641
In base 15, what is 1db4 - 38?
1d7b
In base 13, what is 1407a + 7?
14084
In base 5, what is -1103111 - -3?
-1103103
In base 7, what is 46 + 42420?
42466
In base 11, what is 30aa + 1?
3100
In base 2, what is 10111110010 - -1000011110?
100000010000
In base 16, what is -295cd3 - 1?
-295cd4
In base 4, what is 1033011002 - 3?
1033010333
In base 11, what is -564 + 6?
-559
In base 5, what is -203 + -23?
-231
In base 2, what is 11110 + 100110011?
101010001
In base 11, what is -7a74 + 4?
-7a70
In base 10, what is -750 + -5234?
-5984
In base 4, what is -3 + -10210130?
-10210133
In base 9, what is -824 + -8007?
-8832
In base 11, what is -10084a + 4?
-100846
In base 7, what is -662331 - -5?
-662323
In base 5, what is -134204 + -20?
-134224
In base 4, what is 111201 + -2003?
103132
In base 3, what is -110022222 + 2110?
-110020112
In base 16, what is 6f4 - -1f5?
8e9
In base 12, what is 3 + a9531?
a9534
In base 15, what is 2e - 142?
-113
In base 3, what is 2010120 - -2220?
2020110
In base 11, what is 2 - 17a80?
-17a79
In base 8, what is 750 + -1137?
-167
In base 6, what is -5313 - 0?
-5313
In base 3, what is 21002111 - 12210?
20212201
In base 13, what is -249a5 - -2?
-249a3
In base 10, what is -30 - -2003?
1973
In base 4, what is 10203 - 22011?
-11202
In base 11, what is -68144 - 67?
-68200
In base 4, what is -22001100 + -11?
-22001111
In base 11, what is 6 + 1530?
1536
In base 5, what is -113340 + 304?
-113031
In base 3, what is 12 + -200010012?
-200010000
In base 12, what is a1 + -241?
-160
In base 6, what is 255 - 5015?
-4320
In base 5, what is 2 - -23403023?
23403030
In base 5, what is 13300223 + 10?
13300233
In base 16, what is 0 + 2abf5?
2abf5
In base 13, what is 1553 - 1c?
1534
In base 7, what is 2 + 151036?
151041
In base 2, what is 110101 - -11100011011?
11101010000
In base 10, what is -33021 - 0?
-33021
In base 12, what is 0 - -53428?
53428
In base 16, what is -b159 - -2?
-b157
In base 10, what is -331 - 6018?
-6349
In base 7, what is -134116 - -5?
-134111
In base 15, what is -1b6d - -40?
-1b2d
In base 3, what is -11210 - 2200?
-21110
In base 4, what is 1222303010 - 3?
1222303001
In base 10, what is 1894 - 66?
1828
In base 10, what is -154076 - 4?
-154080
In base 4, what is -3 - 10101322221?
-10101322230
In base 13, what is 36a + 163?
500
In base 6, what is 15 - -30440?
30455
In base 8, what is 6116 - -55?
6173
In base 4, what is -13100123 + -2?
-13100131
In base 11, what is 3 + -10a176?
-10a173
In base 15, what is -19 - -db0?
d96
In base 11, what is 23 - 199?
-176
In base 3, what is -1 - -1200011101?
1200011100
In base 15, what is -762e4 - -4?
-762e0
In base 5, what is 4 + 2200432?
2200441
In base 9, what is -5 + -3177?
-3183
In base 14, what is -22b - 1bc?
-409
In base 15, what is -e - -76c?
75d
In base 5, what is 3 - 1404212?
-1404204
In base 3, what is -22021222 - -12?
-22021210
In base 4, what is 122023330 - 3?
122023321
In base 2, what is -10000100010001 - 1111111?
-10000110010000
In base 11, what is -203469 + 3?
-203466
In base 12, what is -3 - 1238?
-123b
In base 15, what is -5 + bdd2?
bdcc
In base 15, what is -94a5 - 41?
-94e6
In base 4, what is 23 - -3003332?
3010021
In base 14, what is -2 + -3d44?
-3d46
In base 5, what is 1 + 102114113?
102114114
In base 15, what is -28 - deb?
-e24
In base 16, what is -386 + -55?
-3db
In base 9, what is 0 + 4517?
4517
In base 3, what is -12 + -1111021?
-1111110
In base 6, what is 145152 + -105?
145043
In base 4, what is 1011 + -23303?
-22232
In base 4, what is -13 - 220311?
-220330
In base 3, what is -1222200 + -2200?
-2002100
In base 3, what is 10111001 + 111?
10111112
In base 6, what is 1 + 3152?
3153
In base 16, what is 8 + 51494?
5149c
In base 13, what is 51 + -8b?
-3a
In base 15, what is -6 - -16766?
16760
In base 9, what is 1173 - -2587?
3771
In base 5, what is -12212 - 132?
-12344
In base 2, what is -10110000110100 - 110?
-10110000111010
In base 13, what is 3 - 1082?
-107c
In base 12, what is 0 + -1126?
-1126
In base 8, what is -3 + -1143531?
-1143534
In base 15, what is 3a772 + -4?
3a76d
In base 7, what is -341 - 43?
-414
In base 5, what is -121 - 1213024?
-1213200
In base 9, what is -5 + 62706?
62701
In base 10, what is -200 - 6?
-206
In base 4, what is -1103001020 + -2?
-1103001022
In base 13, what is 4 + -10b1a6?
-10b1a2
In base 9, what is -2628 + -164?
-2803
In base 15, what is -3 + -11d?
-121
In base 12, what is -1091 - 19?
-10aa
In base 12, what is 21 + 98?
b9
In base 2, what is 10110010101101 + -100?
10110010101001
In base 15, what is 7 + 2c?
34
In base 10, what is -664 - -20?
-644
In base 5, what is 3300 + -10341?
-2041
In base 11, what is -13 + 2441?
2429
In base 6, what is 103324 + 12?
103340
In base 10, what is -2 + 96352?
96350
In base 7, what is 340 + -42?
265
In base 9, what is 24133 - -126?
24260
In base 11, what is -775 - -4a7?
-279
In base 14, what is -6900 - c?
-690c
In base 5, what is -14303130 - -10?
-14303120
In base 15, what is 115 + 185?
29a
In base 15, what is -30 + -54?
-84
In base 3, what is 10 - -10112212221?
10112220001
In base 14, what is -3 + 5738?
5735
In base 5, what is 100 - 14411?
-14311
In base 9, what is 81 - -3664?
3755
In base 8, what is 3 + -11346?
-11343
In base 11, what is -618339 + 3?
-618336
In base 3, what is 1 + 202120021?
202120022
In base 2, what is 1000110110 - 110110101011?
-101101110101
In base 16, what is -7 - 1e23?
-1e2a
In base 10, what is -3891 - 7?
-3898
In base 4, what is -2211020 + 22?
-2210332
In base 5, what is 410 - 31210?
-30300
In base 4, what is -10 - -1210230023?
1210230013
In base 7, what is 1246 - 1251?
-2
In base 8, what is 46 + 3024?
3072
In base 15, what is -19 + 5?
-14
In base 2, what is 1 - 11000110010101110?
-11000110010101101
In base 11, what is -6081 - -30?
-6051
In base 15, what is 1 + -104a2?
-104a1
In base 3, what is -20121100002 + -1?
-20121100010
In base 6, what is 201 - 44520?
-44315
In base 12, what is 25771 - 14?
25759
In base 15, what is -2a435 - 4?
-2a439
In base 16, what is 0 - 20b7?
-20b7
In base 6, what is -1 + 1141543?
1141542
In base 13, what is -4b - 96c1?
-973c
In base 3, what is 1020022 - 121022?
122000
In base 13, what is -5a31 - 80?
-5ab1
In base 9, what is 41810 + 7?
41817
In base 15, what is -1 - 3245?
-3246
In base 2, what is 1010101 + 1100110110?
1110001011
In base 8, what is -5 - 36540?
-36545
In base 15, what is -5 + 6e31?
6e2b
In base 14, what is -1d06d4 - 5?
-1d06d9
In base 5, what is -22044214 + -2?
-22044221
In base 5, what is -31440 - -43?
-31342
In base 8, what is 256417 - 2?
256415
In base 8, what is -127 + -35?
-164
In base 8, what is -4205 + 14?
-4171
In base 5, what is 304 + -1123444?
-1123140
In base 6, what is -23024 + 2210?
-20414
In base 4, what is -3022120 - 230?
-3023010
In base 9, what is -38256 - -1?
-38255
In base 3, what is -100201 + 11111?
-12020
In base 11, what is -1743 + 224?
-151a
In base 9, what is -5 - 56467?
-56473
In base 6, what is 324401 + 50?
324451
In base 8, what is 110360 + 3?
110363
In base 9, what is -68 + 148?
70
In base 16, what is -33744 + 5?
-3373f
In base 7, what is 11325 - 122?
11203
In base 11, what is 28 - -2416?
2443
In base 9, what is 182 + 10?
202
In base 9, what is 3240 + -171?
3058
In base 14, what is 641 + 67?
6a8
In base 2, what is -1101101 + 1101000001?
1011010100
In base 13, what is 3 - 23660?
-2365a
In base 6, what is 2 - -23043?
23045
In base 2, what is -100101000 - 11110001?
-1000011001
In base 15, what is 1a9 